{"id":4987,"date":"2021-07-26T18:51:24","date_gmt":"2021-07-26T18:51:24","guid":{"rendered":"https:\/\/ladhoka.ch.zeppelin.ch-meta.net\/?page_id=4987"},"modified":"2022-08-07T16:13:28","modified_gmt":"2022-08-07T14:13:28","slug":"home-english","status":"publish","type":"page","link":"https:\/\/www.ladhoka.ch\/?page_id=4987&lang=en","title":{"rendered":"A small social project in Nepal"},"content":{"rendered":"\n<div class=\"wp-block-buttons is-layout-flex wp-block-buttons-is-layout-flex\"><\/div>\n\n\n\n<h2 class=\"wp-block-heading\"><a href=\"https:\/\/staging-j.ladhoka.ch.zeppelin.ch-meta.net\/?page_id=5420&amp;lang=en\" data-type=\"page\" data-id=\"5420\" target=\"_blank\" rel=\"noopener\">About La Dhoka<\/a><\/h2>\n\n\n\n<p>The main characters in the background of La Dhoka are two women: Laxmi Dhungel and Simone Moser. The Nepalese and the Swiss met during a stay abroad of Simone in 2008. The friendship resulted [&#8230;]<\/p>\n\n\n\n<div class=\"wp-block-columns is-layout-flex wp-container-core-columns-is-layout-9d6595d7 wp-block-columns-is-layout-flex\">\n<div class=\"wp-block-column is-layout-flow wp-block-column-is-layout-flow\">\n<h2 class=\"wp-block-heading\"><a href=\"https:\/\/www.ladhoka.ch\/?page_id=5782&amp;lang=en\" data-type=\"page\" data-id=\"5782\">Women&#8217;s Project<\/a><\/h2>\n\n\n\n<p>Since January 2012, La Dhoka has been running a women\u2019s project in Balkhu (district of Kathmandu). Our motto [&#8230;]&nbsp;<\/p>\n<\/div>\n\n\n\n<div class=\"wp-block-column is-layout-flow wp-block-column-is-layout-flow\">\n<h2 class=\"wp-block-heading\"><a href=\"https:\/\/www.ladhoka.ch\/?page_id=5803&amp;lang=en\" data-type=\"page\" data-id=\"5803\">School Children<\/a><\/h2>\n\n\n\n<p>In summer 2009 we started our program for school children (Scholarship Program). We support children from [&#8230;]<\/p>\n<\/div>\n\n\n\n<div class=\"wp-block-column is-layout-flow wp-block-column-is-layout-flow\">\n<h2 class=\"wp-block-heading\"><a href=\"https:\/\/www.ladhoka.ch\/?page_id=5784&amp;lang=en\" data-type=\"page\" data-id=\"5784\">Children&#8217;s Home<\/a><\/h2>\n\n\n\n<p>Our children\u2019s home has been a home for five to ten children since 2008. Our children come from poor backgrounds [&#8230;]<\/p>\n<\/div>\n<\/div>\n\n\n\n<div class=\"wp-block-cover is-light\"><span aria-hidden=\"true\" class=\"wp-block-cover__background has-background-dim\"><\/span><img loading=\"lazy\" decoding=\"async\" width=\"1920\" height=\"1280\" class=\"wp-block-cover__image-background wp-image-5884\" alt=\"\" src=\"https:\/\/staging-j.ladhoka.ch.zeppelin.ch-meta.net\/wp-content\/uploads\/2022\/03\/20210323151148_IMG_7635.jpg\" data-object-fit=\"cover\" srcset=\"https:\/\/www.ladhoka.ch\/wp-content\/uploads\/2022\/03\/20210323151148_IMG_7635.jpg 1920w, https:\/\/www.ladhoka.ch\/wp-content\/uploads\/2022\/03\/20210323151148_IMG_7635-300x200.jpg 300w, https:\/\/www.ladhoka.ch\/wp-content\/uploads\/2022\/03\/20210323151148_IMG_7635-1024x683.jpg 1024w, https:\/\/www.ladhoka.ch\/wp-content\/uploads\/2022\/03\/20210323151148_IMG_7635-768x512.jpg 768w, https:\/\/www.ladhoka.ch\/wp-content\/uploads\/2022\/03\/20210323151148_IMG_7635-1536x1024.jpg 1536w, https:\/\/www.ladhoka.ch\/wp-content\/uploads\/2022\/03\/20210323151148_IMG_7635-600x400.jpg 600w\" sizes=\"auto, (max-width: 1920px) 100vw, 1920px\" \/><div class=\"wp-block-cover__inner-container is-layout-flow wp-block-cover-is-layout-flow\">\n<p class=\"has-text-align-center has-white-color has-text-color has-large-font-size\">Support La Dhoka &#8211; <a href=\"https:\/\/staging-j.ladhoka.ch.zeppelin.ch-meta.net\/?page_id=5816&amp;lang=en\" data-type=\"page\" data-id=\"5816\" target=\"_blank\" rel=\"noopener\">Donate<\/a><\/p>\n<\/div><\/div>\n\n\n\n<h2 class=\"wp-block-heading\">News<\/h2>\n\n\n\n<div class=\"wp-block-query is-layout-flow wp-block-query-is-layout-flow\"><ul class=\"is-flex-container columns-3 wp-block-post-template is-layout-flow wp-block-post-template-is-layout-flow\"><li class=\"wp-block-post post-6250 post type-post status-publish format-standard has-post-thumbnail hentry category-live-aus-nepal tag-kinderhaus\">\n<h2 class=\"wp-block-post-title\"><a href=\"https:\/\/www.ladhoka.ch\/?p=6250\" target=\"_self\">Unsere Ehemaligen&#8230;<\/a><\/h2>\n\n<figure class=\"alignwide wp-block-post-featured-image\"><a href=\"https:\/\/www.ladhoka.ch\/?p=6250\" target=\"_self\"><img loading=\"lazy\" decoding=\"async\" width=\"960\" height=\"1280\" src=\"https:\/\/www.ladhoka.ch\/wp-content\/uploads\/2025\/10\/WhatsApp-Bild-2025-10-27-um-02.18.13_900f6160.jpg\" class=\"attachment-post-thumbnail size-post-thumbnail wp-post-image\" alt=\"Unsere Ehemaligen&#8230;\" style=\"object-fit:cover;\" srcset=\"https:\/\/www.ladhoka.ch\/wp-content\/uploads\/2025\/10\/WhatsApp-Bild-2025-10-27-um-02.18.13_900f6160.jpg 960w, https:\/\/www.ladhoka.ch\/wp-content\/uploads\/2025\/10\/WhatsApp-Bild-2025-10-27-um-02.18.13_900f6160-225x300.jpg 225w, https:\/\/www.ladhoka.ch\/wp-content\/uploads\/2025\/10\/WhatsApp-Bild-2025-10-27-um-02.18.13_900f6160-768x1024.jpg 768w\" sizes=\"auto, (max-width: 960px) 100vw, 960px\" \/><\/a><\/figure>\n\n<div class=\"wp-block-post-excerpt\"><p class=\"wp-block-post-excerpt__excerpt\">&#8230; werden immer zahlreicher. Einige ehemalige La Dhoka Kids leben schon seit Jahren nicht mehr bei uns, manche sind erst k\u00fcrzlich ausgezogen. Allen gemeinsam ist, dass sie sich in einem Land mit einer schwachen Wirtschaft und wenigen Perspektiven durch ihre Jugendjahre und jungen Erwachsenenjahre pfl\u00fcgen m\u00fcssen. Das ist gewiss kein Zuckerschlecken und ist bis jetzt&hellip; <\/p><\/div>\n\n\n<hr class=\"wp-block-separator has-css-opacity\"\/>\n\n\n<div class=\"wp-block-post-date\"><time datetime=\"2025-11-03T08:18:32+01:00\">3. November 2025<\/time><\/div>\n<\/li><li class=\"wp-block-post post-6175 post type-post status-publish format-standard has-post-thumbnail hentry category-live-aus-nepal tag-frauenprojekt\">\n<h2 class=\"wp-block-post-title\"><a href=\"https:\/\/www.ladhoka.ch\/?p=6175\" target=\"_self\">Abschlussfeier der 17. N\u00e4hgruppe im Narighar<\/a><\/h2>\n\n<figure class=\"alignwide wp-block-post-featured-image\"><a href=\"https:\/\/www.ladhoka.ch\/?p=6175\" target=\"_self\"><img loading=\"lazy\" decoding=\"async\" width=\"1152\" height=\"959\" src=\"https:\/\/www.ladhoka.ch\/wp-content\/uploads\/2023\/12\/d37c6e13-03be-4208-a7a3-fbcd1db4e2e6.jpg\" class=\"attachment-post-thumbnail size-post-thumbnail wp-post-image\" alt=\"Abschlussfeier der 17. N\u00e4hgruppe im Narighar\" style=\"object-fit:cover;\" srcset=\"https:\/\/www.ladhoka.ch\/wp-content\/uploads\/2023\/12\/d37c6e13-03be-4208-a7a3-fbcd1db4e2e6.jpg 1152w, https:\/\/www.ladhoka.ch\/wp-content\/uploads\/2023\/12\/d37c6e13-03be-4208-a7a3-fbcd1db4e2e6-300x250.jpg 300w, https:\/\/www.ladhoka.ch\/wp-content\/uploads\/2023\/12\/d37c6e13-03be-4208-a7a3-fbcd1db4e2e6-1024x852.jpg 1024w, https:\/\/www.ladhoka.ch\/wp-content\/uploads\/2023\/12\/d37c6e13-03be-4208-a7a3-fbcd1db4e2e6-768x639.jpg 768w\" sizes=\"auto, (max-width: 1152px) 100vw, 1152px\" \/><\/a><\/figure>\n\n<div class=\"wp-block-post-excerpt\"><p class=\"wp-block-post-excerpt__excerpt\">Ende November 2023 durfte bereits die 17. Gruppe ihre Zertifikate der N\u00e4hgruppe entgegennehmen. Das Programm dauert jeweils sechs Monate und die abschliessenden Frauen sind bef\u00e4higt, in kleinen N\u00e4hstudios mitzuarbeiten und sich so einen Zustupf zu verdienen. Herzliche Gratulation an alle Absolventinnen und ein grosses Dankesch\u00f6n an unsere engagierte Lehrpersonen; allen voran unsere treue Sony (auf&hellip; <\/p><\/div>\n\n\n<hr class=\"wp-block-separator has-css-opacity\"\/>\n\n\n<div class=\"wp-block-post-date\"><time datetime=\"2023-12-04T22:08:50+01:00\">4. Dezember 2023<\/time><\/div>\n<\/li><li class=\"wp-block-post post-6154 post type-post status-publish format-standard has-post-thumbnail hentry category-live-aus-nepal tag-frauenprojekt\">\n<h2 class=\"wp-block-post-title\"><a href=\"https:\/\/www.ladhoka.ch\/?p=6154\" target=\"_self\">Health camp mit Dr. Mingma Sherpa<\/a><\/h2>\n\n<figure class=\"alignwide wp-block-post-featured-image\"><a href=\"https:\/\/www.ladhoka.ch\/?p=6154\" target=\"_self\"><img loading=\"lazy\" decoding=\"async\" width=\"2048\" height=\"1536\" src=\"https:\/\/www.ladhoka.ch\/wp-content\/uploads\/2023\/04\/336158103_747712210033475_5533724178432633156_n.jpeg\" class=\"attachment-post-thumbnail size-post-thumbnail wp-post-image\" alt=\"Health camp mit Dr. Mingma Sherpa\" style=\"object-fit:cover;\" srcset=\"https:\/\/www.ladhoka.ch\/wp-content\/uploads\/2023\/04\/336158103_747712210033475_5533724178432633156_n.jpeg 2048w, https:\/\/www.ladhoka.ch\/wp-content\/uploads\/2023\/04\/336158103_747712210033475_5533724178432633156_n-300x225.jpeg 300w, https:\/\/www.ladhoka.ch\/wp-content\/uploads\/2023\/04\/336158103_747712210033475_5533724178432633156_n-1024x768.jpeg 1024w, https:\/\/www.ladhoka.ch\/wp-content\/uploads\/2023\/04\/336158103_747712210033475_5533724178432633156_n-768x576.jpeg 768w, https:\/\/www.ladhoka.ch\/wp-content\/uploads\/2023\/04\/336158103_747712210033475_5533724178432633156_n-1536x1152.jpeg 1536w\" sizes=\"auto, (max-width: 2048px) 100vw, 2048px\" \/><\/a><\/figure>\n\n<div class=\"wp-block-post-excerpt\"><p class=\"wp-block-post-excerpt__excerpt\">Im April f\u00fchrte das Narighar ein kleines Healthcamp durch: Dr. Mingma Sherpa war die treibende (und professionelle) Kraft dahinter und f\u00fchrte w\u00e4hrend einem Nachmittag mit ihrem Kollegen Konsultationen durch. Um die vierzig Personen nahmen das Angebot wahr, liessen ihren Blutzuckerspiegel und Blutdruck testen und konnten Fragen zu ihrem Gesundheitszustand stellen. Vielen Dank Dr. Mingma f\u00fcr&hellip; <\/p><\/div>\n\n\n<hr class=\"wp-block-separator has-css-opacity\"\/>\n\n\n<div class=\"wp-block-post-date\"><time datetime=\"2023-04-22T22:30:06+02:00\">22. April 2023<\/time><\/div>\n<\/li><\/ul><\/div>\n\n\n\n<div style=\"height:50px\" aria-hidden=\"true\" class=\"wp-block-spacer\"><\/div>\n\n\n\n<div class=\"wp-block-buttons is-layout-flex wp-block-buttons-is-layout-flex\">\n<div class=\"wp-block-button\"><a class=\"wp-block-button__link\" href=\"?m&amp;lang=en\" style=\"border-radius:0px\">See all blog posts<\/a><\/div>\n<\/div>\n","protected":false},"excerpt":{"rendered":"<p>About La Dhoka The main characters in the background of La Dhoka are two women: Laxmi Dhungel and Simone Moser. The Nepalese and the Swiss met during a stay abroad of Simone in 2008. The friendship resulted [&#8230;] Women&#8217;s Project Since January 2012, La Dhoka has been running a women\u2019s project in Balkhu (district of [&hellip;]<\/p>\n","protected":false},"author":1,"featured_media":4929,"parent":0,"menu_order":0,"comment_status":"closed","ping_status":"closed","template":"","meta":{"footnotes":""},"folder":[],"class_list":["post-4987","page","type-page","status-publish","has-post-thumbnail","hentry"],"_links":{"self":[{"href":"https:\/\/www.ladhoka.ch\/index.php?rest_route=\/wp\/v2\/pages\/4987","targetHints":{"allow":["GET"]}}],"collection":[{"href":"https:\/\/www.ladhoka.ch\/index.php?rest_route=\/wp\/v2\/pages"}],"about":[{"href":"https:\/\/www.ladhoka.ch\/index.php?rest_route=\/wp\/v2\/types\/page"}],"author":[{"embeddable":true,"href":"https:\/\/www.ladhoka.ch\/index.php?rest_route=\/wp\/v2\/users\/1"}],"replies":[{"embeddable":true,"href":"https:\/\/www.ladhoka.ch\/index.php?rest_route=%2Fwp%2Fv2%2Fcomments&post=4987"}],"version-history":[{"count":14,"href":"https:\/\/www.ladhoka.ch\/index.php?rest_route=\/wp\/v2\/pages\/4987\/revisions"}],"predecessor-version":[{"id":6054,"href":"https:\/\/www.ladhoka.ch\/index.php?rest_route=\/wp\/v2\/pages\/4987\/revisions\/6054"}],"wp:featuredmedia":[{"embeddable":true,"href":"https:\/\/www.ladhoka.ch\/index.php?rest_route=\/wp\/v2\/media\/4929"}],"wp:attachment":[{"href":"https:\/\/www.ladhoka.ch\/index.php?rest_route=%2Fwp%2Fv2%2Fmedia&parent=4987"}],"wp:term":[{"taxonomy":"folder","embeddable":true,"href":"https:\/\/www.ladhoka.ch\/index.php?rest_route=%2Fwp%2Fv2%2Ffolder&post=4987"}],"curies":[{"name":"wp","href":"https:\/\/api.w.org\/{rel}","templated":true}]}}